 5*u = 120 - 30. What is the greatest common factor of u and 126?
18
Let j(o) = -8*o + 3. Let h be (3/(-2))/((-3)/(-6)). Let z be j(h). What is the greatest common divisor of z and 3?
3
Suppose 0 = 31*d - 28*d - 828. What is the greatest common divisor of d and 12?
12
Let d = 119 + -65. What is the highest common divisor of 6 and d?
6
Let f(v) = 34*v**3 - 2*v**2 + 5*v - 4. Let m be f(1). Suppose -14 = -3*w - 5. Calculate the greatest common divisor of m and w.
3
Suppose 3*o = 2*o - 7. Let a(j) = j**2 - 7*j - 7. Let x be a(9). Let q = x + o. Calculate the highest common factor of 12 and q.
4
Let o = -18 + 81. What is the highest common factor of o and 42?
21
Suppose 3*j + 3 - 9 = 0. Suppose 31 = k + 4*n + j, 0 = k + 2*n - 19. Calculate the greatest common factor of 27 and k.
9
Suppose 8 = 4*q - 4. Calculate the highest common factor of 24 and q.
3
Suppose -21 = -5*l - 6. What is the highest common factor of 3 and l?
3
Suppose 5 = 5*p - 55. Let b be 3/(9/(-6)) - -3. Let k = p + b. Calculate the greatest common factor of 13 and k.
13
Let v be (-22)/2 - (-2 + 1). Let u be (-242)/v - 2/10. Suppose 0 = 5*j - 45 + 5. What is the highest common divisor of u and j?
8
Suppose 30 = 5*w + 5*k - 2*k, -5*k = -3*w + 52. Suppose -j - 3 = -4*j. Let p be j + 25 + 4/4. What is the highest common factor of p and w?
9
Let m be (-2)/((20/(-18))/5). Suppose 3*o = 4*o - 1. Calculate the greatest common divisor of m and o.
1
Suppose 0 = k - 0 - 42. Let m = 93 + 12. What is the highest common factor of m and k?
21
Suppose -2*j - j - n + 9 = 0, 0 = -j + 3*n - 7. Let u be 78/12*j*1. Calculate the highest common divisor of 104 and u.
13
Let s(r) = 8*r**2 + 6*r - 8. Let f be s(4). Calculate the greatest common divisor of f and 18.
18
Let b(y) = -5*y - 7. Let v be b(-6). Let l be (-1)/(0 - -1) + -12. Let j = v + l. What is the greatest common factor of j and 50?
10
Suppose 3*c - 2*c = 5. Suppose -5*f - 3 = d + 8, -f = c. Let x = 17 + -10. Calculate the greatest common factor of d and x.
7
Let a be 22 - 0/3 - -2. Let s be (66/a)/((-1)/(-8)). Suppose s = 2*z - 176. What is the greatest common divisor of 11 and z?
11
Let r(v) = v**2 - 4. Let y be r(-5). Let u = y + 7. Let i be 19/3 - (-2)/3. What is the highest common divisor of i and u?
7
Let h(o) = o + 6. Let u be h(-5). Let n be ((-2)/(-5))/(u/(-10)). Let k = n - -6. What is the highest common divisor of 16 and k?
2
Suppose -13 = a - 3*b, 4*a + 2*b + 12 = 4*b. Let z be 36/a*(-4)/6. Calculate the greatest common factor of 16 and z.
8
Let o = 146 + -71. Let v(s) = s**2 + 3*s - 10. Let q be v(5). What is the highest common factor of q and o?
15
Suppose 5*h - 3*x + 0*x - 147 = 0, 115 = 5*h + 5*x. Let s be (-6)/3*-10 + -2. Calculate the highest common divisor of s and h.
9
Let r(d) = d**3 - 5*d**2 - 5*d - 3. Let u be r(6). Suppose -5*o + 4 = u*s + 1, -4*s - o = -21. What is the greatest common factor of 54 and s?
6
Suppose 0 = u - 0*u + 3*v + 12, 0 = -3*v - 12. Let j = u + 7. Suppose j*f = 3*f + 52. Calculate the greatest common factor of 104 and f.
13
Let u = -9 - -14. What is the highest common divisor of 10 and u?
5
Let f(k) = -k**2 + 12*k + 5. Let b(d) = d. Let p(u) = 6*b(u) - f(u). Let m be p(7). Calculate the greatest common divisor of m and 2.
2
Suppose -5*j + 2*g + 19 = -0*g, 0 = 2*j - g - 7. What is the greatest common factor of j and 15?
5
Suppose 4*z - 120 = -2*z. Calculate the greatest common divisor of 40 and z.
20
Let r be 1 + -2 + 0 - -20. What is the highest common factor of r and 171?
19
Let z = -7 - -12. Suppose -q + 0 = -z. Let d be (-23 + 9)/((-2)/q). What is the highest common divisor of 14 and d?
7
Let c = 11 + -3. Calculate the greatest common factor of c and 80.
8
Let u(t) = t**3 - 15*t**2 + 2*t - 20. Let x be u(15). Calculate the highest common factor of x and 30.
10
Let x(v) = -v**2 - 8. Let a be x(-6). Let w be ((-8)/(-20))/(1/170). Let c = a + w. What is the highest common factor of 12 and c?
12
Let u = -25 + 43. Suppose -4*f - 220 + 796 = 0. What is the highest common divisor of f and u?
18
Let a = 13 - 22. Let u = -2 - -1. Let d = u - a. Calculate the greatest common factor of d and 56.
8
Let p = 20 + 3. Calculate the greatest common divisor of p and 207.
23
Suppose 5*c = -10, 4*c + 0*c = -5*i + 7. Calculate the greatest common factor of i and 9.
3
Let v(u) = -9*u + 6. Let z be v(-8). Let m be 2/(-13) - (-5160)/z. Calculate the greatest common factor of 22 and m.
22
Let f = -16 + 24. What is the highest common divisor of 32 and f?
8
Suppose m - 19 = -11. What is the greatest common factor of m and 56?
8
Let o(u) = 2*u**3 - 9*u**2 + 2. Suppose -b + 6 = -0*b. Let v be o(b). What is the highest common divisor of 10 and v?
10
Let q be 2 - 2*(-44)/8. What is the greatest common divisor of 91 and q?
13
Let w be 1/2*2*7. Calculate the greatest common factor of 77 and w.
7
Let o(d) = d - 5. Let s be o(5). Suppose -5*l + 15 = 0, 0 = -4*q - 3*l - 4 + 21. Suppose s = -q*r + r + 4. What is the highest common factor of 44 and r?
4
Let x(z) = -z**2 - 4*z - 2. Let k be x(-2). Suppose -2*a + 46 = 2*q, 0 = 3*q + 4*a - k*a - 68. What is the highest common divisor of 11 and q?
11
Let s be -1*(-15 + 2)*1. What is the highest common factor of s and 39?
13
Suppose 6*p - 526 = 74. Calculate the greatest common factor of p and 40.
20
Suppose -18 = -3*c + j + 20, -3*j + 40 = 5*c. Suppose 3*q = 66 - 0. What is the greatest common divisor of c and q?
11
Let f = 51 + -46. What is the highest common divisor of 10 and f?
5
Let i(m) = -m**3 - 5*m**2 + 6. Let n be i(-5). Suppose 2*h = -n, 44 = 5*p + 3*h - 37. Calculate the greatest common divisor of 18 and p.
18
Suppose 2*y - 110 = -3*d - 0*y, -2*y + 70 = 2*d. What is the greatest common factor of 5 and d?
5
Suppose 3*l = -6*z + 2*z + 60, -4*z - l = -52. Calculate the highest common factor of z and 144.
12
Let d be ((-3)/4)/(1 + (-74)/72). What is the greatest common factor of 27 and d?
27
Let p(s) = s**3 + 17. Let t be p(0). Suppose -2*q + 1 = -t. What is the highest common factor of 9 and q?
9
Let w be 9/(-6)*5824/(-42). What is the highest common divisor of w and 26?
26
Let m = -5 + 79. Calculate the greatest common factor of m and 222.
74
Suppose k - 5 + 3 = 0, -3*h + 3*k + 258 = 0. Calculate the highest common divisor of h and 11.
11
Let t = 22 + -10. Calculate the greatest common divisor of 24 and t.
12
Suppose z - 27 = -0*z. Let g = 10 + -1. What is the greatest common factor of g and z?
9
Let l = -58 - -88. Calculate the highest common factor of 45 and l.
15
Let a(t) = -t**3 + 3*t**2 + 3*t. Let y be a(-2). Suppose 0 = 2*o - 5*n - 95, 0*o + 3*n = 3*o - 120. What is the greatest common factor of o and y?
7
Let c be 98/8 - 2/8. Let n be 6 - 3/(2/(-2)). Suppose 5*r = -4*p + 63, -3*p + r = -2*p - n. What is the highest common divisor of p and c?
12
Let n(o) = -o**3 - 3*o**2 - o + 3. Let f be n(-3). Let q(v) = 4*v**2 - 3*v**2 + 15 - 26 + 2*v. Let b be q(-7). Calculate the highest common divisor of f and b.
6
Suppose -4*j + 8 = 0, -j = -2*p + j. What is the greatest common divisor of p and 26?
2
Let l(k) = -k**3 + 2*k**2 - 3*k - 3. Let v be l(-2). Calculate the highest common factor of 19 and v.
19
Suppose -5*p = -2*p - 30. Let a = -6 + p. Suppose 0 = -2*u - 3*d + 116, a*d + 0*d = 3*u - 208. Calculate the highest common divisor of u and 16.
16
Suppose m - 11 = -2*d, 3*m - 9 = -3*d + 12. Suppose m = 4*y - 5*w - 62, y + 3*w = -5. Calculate the greatest common factor of 15 and y.
5
Let x = -6 + 11. Let f be (-8)/(-36) + (-25)/(-9). Let w = 23 - f. What is the greatest common factor of x and w?
5
Suppose 10 = -z + 47. What is the greatest common factor of z and 111?
37
Let p(y) = y**3 - y**2 + 2*y - 4. Let k be p(3). Calculate the greatest common divisor of 320 and k.
20
Suppose t - 4*x = 3*t - 196, -2*t - 2*x = -188. Let d = 41 - 19. Let q = d - 12. What is the greatest common factor of q and t?
10
Suppose 0 = -13*v + 10 + 3. Calculate the highest common factor of 3 and v.
1
Suppose -a + 3*p + 4 = -46, -2*p - 4 = 0. Calculate the highest common divisor of a and 11.
11
Let x(p) = -p**3 + 4*p**2 + 5*p - 2. Let y be x(5). Let b be (-1)/(-2)*14 - y. Suppose 56*r - 58*r + 18 = 0. Calculate the greatest common factor of r and b.
9
Let x be -3*(-1)/(-3)*-13. What is the highest common